Let z = -1 + 0. Let h(o) be the third derivative of 7*o**5/60 - o**4/12 - o**3/6 - 3*o**2. Let y be h(z). Calculate the highest common factor of y and 24.
8
Suppose -3*g = g - 84. Suppose -20*v = -25*v - 2*u + 25, 5*v + u - 30 = 0. Calculate the greatest common divisor of g and v.
7
Suppose -8*g = -5*g - 648. Let z be -3*(-2 - -4)*-4. What is the highest common factor of g and z?
24
Suppose f + 32 = 4*x, 2*x + 0*x - 18 = f. Calculate the greatest common factor of 77 and x.
7
Let a(i) = i - 6. Let m be a(7). Calculate the highest common factor of 3 and m.
1
Let n(b) = b**3 - 8*b**2 + 10*b - 8. Let f be n(8). Suppose -4*k + 288 = -y - y, k = y + f. What is the highest common factor of 8 and k?
8
Suppose 2 = n - 3. Suppose -n*s = 6 - 41. Calculate the highest common factor of 28 and s.
7
Let n = 15 - 9. Let g(c) = 5*c**2 - 3. Suppose 3 = -0*z - z. Let k be g(z). Calculate the highest common factor of n and k.
6
Suppose 0*h = -2*h + 8. Suppose 2 = -2*s + h*s. Calculate the highest common divisor of s and 5.
1
Suppose 3*q - 24 = -2*v, 0*q + 2 = -q. Let i be -2 + (-5)/(1 + -2). What is the greatest common factor of i and v?
3
Suppose 2*k - 66 = -2*v, 3*k + 2*v - 4*v - 84 = 0. What is the highest common divisor of 75 and k?
15
Let u be (-812)/(-34) - -6*(-3)/(-153). What is the highest common factor of u and 12?
12
Let g be -1*(-1 - 2 - -2). What is the highest common factor of g and 4?
1
Let f = 376 + -216. Calculate the highest common divisor of 32 and f.
32
Suppose 5*t + s - 58 = 0, -s - 7 + 21 = t. Calculate the greatest common divisor of 99 and t.
11
Suppose 2*o - 7 - 9 = 0. Suppose -2*t + 36 = 2*d, -2*d = -t + 18 - 48. Let z be 1/((-2)/d)*-8. What is the greatest common factor of z and o?
8
Let y = 11 - 7. Suppose y*v - 45 = -v. Let q be (-3)/v*(-81)/3. Calculate the greatest common divisor of 45 and q.
9
Let t be 6 - 1*(-1 + 2). Suppose -2*p = -t*p + 165. Calculate the greatest common factor of 22 and p.
11
Suppose -2*t + 7*t = h - 5, -4*h = 0. Let y(v) = -7*v - 1. Let x be y(t). Calculate the greatest common factor of x and 3.
3
Suppose -z = -4*v + 15, 4*z + 0 + 3 = -3*v. Let q be 3/(3*z/(-144)). What is the highest common factor of q and 12?
12
Suppose 2*z + 16 - 6 = 0, b - 2 = -4*z. Suppose s + b - 81 = 0. Let x = s + -29. Calculate the greatest common factor of x and 75.
15
Suppose -9 = -5*i + 16. Suppose 4*b - 3*j = j + 40, 3*j + 44 = i*b. Calculate the greatest common divisor of 21 and b.
7
Suppose 5*t - 130 = -4*d, -5*t + 0*d = -5*d - 130. What is the greatest common factor of t and 13?
13
Let b = 35 + 6. Suppose -67 = -2*h + b. Calculate the greatest common factor of h and 81.
27
Let y = 7 - 4. Suppose 4*t + 15 = 3, m - 17 = -y*t. Let b = 91 + -52. What is the highest common factor of b and m?
13
Suppose 3*p = -5*o - 4, -3*o - 1 = 2*p + 1. Let n = -21 + 21. Suppose -2*g + 5*j = -28, 16 = -g - n*g - 5*j. What is the highest common divisor of p and g?
2
Suppose -4*b + b = -108. Let a(r) = -3*r**3 + 14*r - 2*r**3 + 4*r**3 + 11*r**2. Let k be a(12). What is the greatest common divisor of b and k?
12
Let y(m) = m**3 + 5*m**2 + 2*m - 2. Let s = -3 - 0. Let t be s*(-8)/6*-1. Let z be y(t). What is the highest common factor of 4 and z?
2
Let o(u) = u**3 - 6*u**2 - 8*u + 6. Let r be o(7). Let n = 1 - r. Let s = 6 + 4. What is the highest common divisor of n and s?
2
Let l = -19 - -13. Let v(a) = a**2 + 2*a + 2. Let x be v(l). What is the highest common factor of x and 39?
13
Suppose -4*o + 199 - 55 = 0. Suppose d = -4*d - i + 244, -3*i = -d + o. Calculate the highest common divisor of d and 16.
16
Let w = 16 + -16. Let v = w + 23. What is the highest common factor of v and 184?
23
Let d = 3 + 1. Let m = -9 - d. Let c be (m/5)/((-2)/10). Calculate the highest common factor of c and 26.
13
Let b(u) = 99*u**3 - u + 1. Let f be b(1). What is the highest common factor of f and 9?
9
Let z = 6 + -4. Suppose -7*i = -z*i - 100. What is the greatest common factor of i and 8?
4
Let g(y) = -y**2 - 6*y + 9. Let d be g(-7). Let a = 52 + d. Let m be a/4 - (-3)/(-6). Calculate the greatest common factor of 13 and m.
13
Suppose 4 = -p, v + 3*p - 55 - 11 = 0. Calculate the greatest common factor of v and 26.
26
Suppose 0 = -3*h + 5*f + 425, 3*h + 6*f = f + 415. What is the greatest common divisor of 40 and h?
20
Suppose q + 4*q - 20 = 0. Suppose -15 = m - q*m. Calculate the greatest common divisor of 15 and m.
5
Suppose 2*y + 42 = 4*a, -4*a - 3*y = -7*a + 39. Calculate the greatest common divisor of a and 1.
1
Suppose 64 = 4*g + 4*j, -3*g + 8*j + 64 = 3*j. Calculate the highest common divisor of g and 9.
9
Let h be 22/4*1*2. What is the highest common divisor of h and 88?
11
Let j be 54/(1/(-2)*-3). Let h = j - 14. Suppose -5*t = -3*w + 16, 0 = -2*w + 3*w + 5*t + 8. Calculate the highest common divisor of w and h.
2
Let t(a) = a**2 - 2*a + 2. Let m be t(-6). Suppose 2*h - 5*n = m, h + 0*n + n = 11. Calculate the greatest common factor of 135 and h.
15
Let w = 20 + -14. Suppose -18 + 0 = -2*r. What is the highest common factor of r and w?
3
Let c = 28 + 4. Calculate the greatest common factor of 80 and c.
16
Let c(h) = -104*h. Let r = 8 - 9. Let n be c(r). What is the highest common divisor of 13 and n?
13
Suppose 138 = 15*w - 57. What is the greatest common divisor of w and 221?
13
Let b be (-3)/(-5) + 259/35. Calculate the greatest common divisor of 24 and b.
8
Suppose 4*a = -29 + 53. Let n be 7 + 3*2/3. What is the greatest common divisor of n and a?
3
Let j(l) = -2*l + 76. Let w be j(26). Calculate the greatest common factor of w and 12.
12
Let p = 12 + -18. Let t = 3 - p. Calculate the greatest common factor of 63 and t.
9
Let o(a) = -7*a + 32. Let h be o(-16). Calculate the greatest common divisor of h and 9.
9
Let w = 100 + -16. Calculate the highest common divisor of w and 12.
12
Let i(y) = 2*y**2 + 3*y + 4. Let j be i(-4). Suppose 2*r + 8 - j = 0. Calculate the greatest common factor of r and 24.
8
Let h = -123 - -178. Calculate the highest common divisor of 22 and h.
11
Suppose 0 = -3*n + 22 + 8. Calculate the greatest common factor of 10 and n.
10
Let g be 6/(-9) + (-16)/(-6). Calculate the greatest common factor of 8 and g.
2
Let s(u) = -6*u + 6. Let j be s(-4). Calculate the greatest common divisor of 120 and j.
30
Suppose -3*d - 4*l = -32, -4*d + 7*l - 2*l - 9 = 0. Let r be 165/(2/d - -1). Let a be (1 - 1) + 1 + 21. Calculate the greatest common divisor of a and r.
22
Let z = -3 + 3. Let x(b) = 2*b + b + 110 - 4*b. Let j be x(z). Calculate the highest common factor of j and 10.
10
Suppose -3*c = -221 - 79. Suppose -3*h = -h. Suppose h = g - 10. Calculate the greatest common factor of g and c.
10
Let g be -1*(-2)/3*(-57)/(-38). What is the greatest common divisor of 1 and g?
1
Suppose -4*m = h - 16, -2*h + 27 = -3*m - 16. Calculate the greatest common divisor of 20 and h.
20
Let b = -23 + 30. Calculate the greatest common factor of 63 and b.
7
Let b = -38 - -53. What is the highest common divisor of 15 and b?
15
Let z be 153/5 - 54/90. What is the highest common divisor of z and 45?
15
Let s be 6/(-4)*796/(-3). Suppose -5*w + s - 83 = 0. Suppose n = 3*a - 24, -4*n + 0*n + 12 = 0. What is the highest common divisor of a and w?
9
Suppose -4*g - g = -3*k + 9, -3*k - 9 = g. Let p be 0/k + -1 + 18. What is the highest common factor of p and 85?
17
Suppose -10 = 9*f - 10*f. Calculate the greatest common divisor of f and 110.
10
Let a(v) = v + 31. Let k be a(-15). Calculate the highest common factor of k and 24.
8
Suppose 0 = -2*x + 4*b + 16, 2*b + 56 = 4*x - 0*b. Let s(m) = -59*m - 1. Let q be s(-3). Calculate the greatest common factor of x and q.
16
Suppose -h - 3*h = -32. Calculate the greatest common divisor of h and 8.
8
Let g(a) = -4*a + 18. Let z be g(-6). Suppose 4*u - 3*b = 2*b + 122, -3*u + b + 86 = 0. What is the highest common factor of z and u?
14
Let i be -1*(1/(-1) - -1). Let f be 3/2*(i - -2). What is the greatest common factor of f and 33?
3
Suppose -218 = -5*a + 62. Let x be a/9 + 22/(-99). What is the greatest common factor of 3 and x?
3
Suppose 1 = 8*f - 15. Suppose v - 168 = -f*j - 0*j, 0 = -j - 2*v + 81. What is the highest common factor of 34 and j?
17
Suppose -3*a - 128 = -5*i, -a - 4*a - 5 = 0. Calculate the greatest common fa